8
In base 10, what is -5 - 4907231?
-4907236
In base 5, what is 40 + -30020444?
-30020404
In base 2, what is -110101 - 111101010000111?
-111101010111100
In base 5, what is -10144 - -34042001?
34031302
In base 15, what is -2 - 523a4c4?
-523a4c6
In base 5, what is 313432102 - -10?
313432112
In base 6, what is 1042 - -144353?
145435
In base 9, what is 24074250 + 6?
24074256
In base 12, what is 12 + 28632?
28644
In base 2, what is -111 - -1011010010100111001111100100?
1011010010100111001111011101
In base 6, what is 20 + -40000524?
-40000504
In base 14, what is 628 - 4828b?
-47a63
In base 13, what is 50 - -2785?
2805
In base 11, what is -4 + 1241a96?
1241a92
In base 2, what is -110110 + -11110100000011000111?
-11110100000011111101
In base 16, what is -3a785e8 + -4?
-3a785ec
In base 15, what is -6233 - 93c?
-6b70
In base 4, what is -3113023303330 - 0?
-3113023303330
In base 16, what is 194 + -1025f?
-100cb
In base 14, what is 185d880b7 - 5?
185d880b2
In base 8, what is -2 + -113414640?
-113414642
In base 3, what is -1210210 + 102112022212?
102110112002
In base 7, what is -33453460 + 240?
-33453220
In base 7, what is -134 - -10246051?
10245614
In base 3, what is -101222110001 - -2?
-101222102222
In base 3, what is 1 + -20022102012?
-20022102011
In base 3, what is 1211212201210220 - 12?
1211212201210201
In base 11, what is -1000026 + -16?
-1000041
In base 5, what is -101314434 + -40044?
-101410033
In base 5, what is -10 + -1113122411?
-1113122421
In base 6, what is 2 + 25510131?
25510133
In base 3, what is 0 - 110202111100111021?
-110202111100111021
In base 14, what is -5 - 14618895?
-1461889a
In base 5, what is -1003313443 - -1312?
-1003312131
In base 11, what is -14a181 + -3184?
-152355
In base 14, what is 35b2 + -634a?
-2b78
In base 5, what is 1131 - 3042314?
-3041133
In base 4, what is 1312023 - -311023?
2223112
In base 7, what is 21652165 - -426?
21652624
In base 14, what is -10410322 + 5?
-1041031b
In base 4, what is -1202203223 - 33?
-1202203322
In base 13, what is 1527 + 6a5?
1bcc
In base 14, what is -1b80624c - 2?
-1b806250
In base 16, what is -8cc508 - 18?
-8cc520
In base 12, what is 1aba16 - -39?
1aba53
In base 5, what is -2 - -13340001311?
13340001304
In base 5, what is -40243421 - 11334?
-40310310
In base 12, what is -60554a - 105?
-605653
In base 12, what is -5a5348 + -1a6?
-5a5532
In base 7, what is 21 + 66251500?
66251521
In base 11, what is 541 + -119525?
-118a94
In base 6, what is -434 + -120131330?
-120132204
In base 9, what is 3240 + -11146?
-6806
In base 16, what is -168 - -43ae?
4246
In base 16, what is 307e4c + -4?
307e48
In base 2, what is -1 - -110000010101000000010111100?
110000010101000000010111011
In base 4, what is -113 - -3213032231020?
3213032230301
In base 13, what is -79 + 14b82?
14b06
In base 10, what is 121783 - -348?
122131
In base 15, what is 80c - -21c13?
22520
In base 16, what is b - -199b31c?
199b327
In base 12, what is 13b - -11bb921?
11bba60
In base 2, what is -1110001100111000010 + 1111001000?
-1110001010111111010
In base 4, what is -222 - -110023233112?
110023232230
In base 7, what is 1340 + -223652?
-222312
In base 8, what is 122 - -1737773?
1740115
In base 3, what is 1102200120 + -10?
1102200110
In base 2, what is -100 + -1111011111110010010110000?
-1111011111110010010110100
In base 8, what is 6645374 - 2?
6645372
In base 13, what is -30136b07a + -2?
-30136b07c
In base 4, what is 1001023310301 + 11?
1001023310312
In base 5, what is -31124421020 - 0?
-31124421020
In base 13, what is 37a6 + 5751?
9227
In base 16, what is -4e124af + -5?
-4e124b4
In base 14, what is b3b0 + b6b?
c13b
In base 8, what is 2176 + -7714?
-5516
In base 5, what is -343301213 - -21?
-343301142
In base 10, what is 8 + -80342381?
-80342373
In base 4, what is -23002000 + 33100?
-22302300
In base 14, what is -11207 + 10c9?
-1011c
In base 14, what is 129dba3 + -4?
129db9d
In base 15, what is -504 - b8c89?
-b928d
In base 9, what is -245538 + 43?
-245485
In base 14, what is -34 + 2ac6?
2a92
In base 15, what is -1 - -3a2836?
3a2835
In base 16, what is 2 + 129918af?
129918b1
In base 11, what is 23 + 15408a3?
1540916
In base 12, what is -280619a + 5?
-2806195
In base 11, what is 3aa7 - 8a4a?
-4a53
In base 8, what is 522615167 + -1?
522615166
In base 16, what is -85 + -2e50ca?
-2e514f
In base 7, what is -14245 + 424346?
410101
In base 4, what is 2 - -203332233121?
203332233123
In base 4, what is -11 - 11010101010033?
-11010101010110
In base 8, what is 5231 - -5306?
12537
In base 11, what is 5145 + 8369?
12503
In base 5, what is -1230203404020 + 10?
-1230203404010
In base 2, what is -110 - 1001010010011010101101?
-1001010010011010110011
In base 2, what is -101110011101101 + 1100111001?
-101100110110100
In base 15, what is -51 - 1d3e19?
-1d3e6a
In base 4, what is 2130200202 - -1213?
2130202021
In base 2, what is 101 + 1000000110101001000011?
1000000110101001001000
In base 6, what is -323525112 - 0?
-323525112
In base 7, what is 0 - -1043512100?
1043512100
In base 4, what is -330203 + 110223130?
103232321
In base 12, what is -3 - -901112?
90110b
In base 7, what is 6002110 + 35?
6002145
In base 6, what is -2041 - -5151424?
5145343
In base 15, what is 15e + 368c?
37eb
In base 12, what is 7 - -5b177b?
5b1786
In base 4, what is -2130211110 - 100?
-2130211210
In base 11, what is 5316951 - -16?
5316967
In base 12, what is 36 + 9226046?
9226080
In base 9, what is -17036202 - 182?
-17036384
In base 9, what is 20 - -1672702?
1672722
In base 6, what is 124 + -1425205?
-1425041
In base 13, what is 110636 - 260?
1103a6
In base 14, what is ad + -aac0?
-aa11
In base 8, what is 6070576 - -7?
6070605
In base 6, what is -434314201 - -21?
-434314140
In base 15, what is -7ea6a + -ac?
-7eb27
In base 8, what is 7455 - 76400?
-66723
In base 4, what is 101 + 23211120022?
23211120123
In base 3, what is -1 - -21220210210212?
21220210210211
In base 11, what is 108 + -5286?
-5179
In base 14, what is 8 + -dccb97?
-dccb8d
In base 4, what is -233110211 - 11013?
-233121230
In base 13, what is -13 - 2ab56?
-2ab69
In base 12, what is -30 - 98246?
-98276
In base 15, what is -aa15 - 34?
-aa49
In base 10, what is 284659 + 593?
285252
In base 6, what is 44512543212 + -4?
44512543204
In base 11, what is 1a20238 - 29?
1a2020a
In base 8, what is -6 + -7442110?
-7442116
In base 13, what is 2b53cb580 - -2?
2b53cb582
In base 7, what is -1152 - 2232432?
-2233614
In base 13, what is -b2b0a3 - 2?
-b2b0a5
In base 10, what is -79 + -66570?
-66649
In base 7, what is -1263412 - -3601?
-1256511
In base 12, what is 5533a2a - 1?
5533a29
In base 13, what is 24 - 607cc?
-607a8
In base 14, what is 74bc - -80?
755c
In base 13, what is -33711965 + 0?
-33711965
In base 2, what is -1110010011110110111001101 + -10?
-1110010011110110111001111
In base 11, what is 92a50929 - -5?
92a50933
In base 3, what is -210011200 - -1211220200?
1001202000
In base 2, what is -101 - -10100010110011010010?
10100010110011001101
In base 11, what is -213881 + -60?
-213931
In base 8, what is -211 - -2132056?
2131645
In base 5, what is -3 - -421320140?
421320132
In base 11, what is 2a118a40 + -2?
2a118a39
In base 16, what is -8db + 37db2?
374d7
In base 7, what is 14 - -130151?
130165
In base 4, what is -1 + 323303230?
323303223
In base 2, what is 110101011111100000101111 - 100?
110101011111100000101011
In base 3, what is 1 - 121120100111210?
-121120100111202
In base 4, what is 313001201132 + 3?
313001201201
In base 15, what is 1b + -1901939?
-190191d
In base 12, what is 3 - 3633b08?
-3633b05
In base 7, what is 12 + 423056203?
423056215
In base 3, what is 1200000001020 + 12?
1200000001102
In base 6, what is 23 + -10052510?
-10052443
In base 15, what is -d271 + 20?
-d251
In base 4, what is -1223 - -13011330?
13010101
In base 15, what is -3b664 + -17?
-3b67b
In base 10, what is -7 + -5338711?
-5338718
In base 4, what is 2 - -1101111210312?
1101111210320
In base 4, what is -102313200311 - 0?
-102313200311
In base 12, what is -317b + -1b?
-319a
In base 3, what is -11112212202121 - 1021?
-11112212210212
In base 10, what is -3 - -247155035?
247155032
In base 15, what is -1a2556 + 5?
-1a2551
In base 8, what is -64 - 25661036?
-25661122
In base 3, what is 20120200222222102 - 10?
20120200222222022
In base 3, what is -1001000011 - -210221